digit of v?
0
Let h(c) = 7*c**2 + 73*c + 1308. What is the tens digit of h(-48)?
3
Let a = 12197 + -8034. What is the thousands digit of a?
4
Suppose -58*w + 74*w - 48 = 0. Suppose -2*i + 2*d = -1912, -w*d = -i - 561 + 1513. What is the tens digit of i?
5
Let z = 35709 - 20335. What is the thousands digit of z?
5
Suppose -4*y = -3*y + 11. Let h = -30 - y. Let c = h - -58. What is the tens digit of c?
3
Let t(i) = -19*i**3 + 9*i**2 - 10*i - 6. What is the ten thousands digit of t(-9)?
1
Suppose 0 = 3*y - 3, 43*y = -2*c + 44*y + 83. Let a be 433/(-5) - (-6)/(-15). Let u = c - a. What is the tens digit of u?
2
Suppose 0*d - 6*o = 4*d + 54, -d = -3*o. What is the hundreds digit of 10*-23*(d/(-6) + -2)?
1
Let u = -911 - -628. Let s = 561 + u. What is the units digit of s?
8
Let u = 5102 + -2260. What is the units digit of u?
2
Suppose 4*g - 137 = -17. Suppose -g*r + 26*r = -16. Suppose -r*o = -5*z + 481, -52 = z - 5*o - 144. What is the tens digit of z?
9
Let x be (-3)/(-2)*(-39 - -1). Let k(d) = d**3 - d + 155. Let y be k(0). Let g = x + y. What is the units digit of g?
8
Let x = -11202 + 19080. What is the thousands digit of x?
7
Let j = 188 + -183. Suppose 2567 = j*r - 2*m, 3*r - 1542 = -0*r + 3*m. What is the units digit of r?
3
Let z = -15110 - -81487. What is the hundreds digit of z?
3
Let b(g) be the second derivative of 3*g**4/4 - 2*g**3/3 - 3*g**2/2 + 92*g. Suppose -u = q + 4, -3*u - 8 = -2*u + 5*q. What is the tens digit of b(u)?
9
Let m = -19825 + 38606. What is the units digit of m?
1
Suppose 17 + 33 = -25*r. What is the hundreds digit of (-6)/12 - 407/r?
2
Suppose t + 11 = 14. What is the tens digit of 387*20/15 - t?
1
Suppose 17 = 5*z - 4*h, 4*z - 7*h + 5*h - 16 = 0. Suppose z*m + 5 = 5*x, -13*m + 10*m + 5*x = 9. What is the units digit of m?
2
What is the units digit of (-4)/(-2) + (4934 - (11 - 112/7))?
1
Let j(m) = 38*m**2 - 13*m - 49. What is the thousands digit of j(-13)?
6
Suppose -6*v - 2280 = -8*v. Suppose 0 = -9*f + 129 + v. Let k = f + -90. What is the units digit of k?
1
Let r(s) = -12*s**2 - 11*s + 9. Let n(h) = 10 - 2*h**2 - 8*h + 2*h - 10*h**2 - 6*h. Let z(u) = 5*n(u) - 6*r(u). What is the hundreds digit of z(-4)?
1
What is the tens digit of ((-535)/75)/((-2)/890) + (-1)/3?
7
Let k = -35 + -5. Let p be (k/(-50))/(6/(-15)). Let h = p + 82. What is the tens digit of h?
8
Suppose -227 + 255 = 7*z. Suppose x - 2*x + 93 = -z*n, 3*x = -4*n + 247. What is the units digit of x?
5
Suppose 0 = w - 4*u - 4 + 2, -w + u + 2 = 0. Suppose w*r + 1286 = l + 40, 3*l - 4*r = 3742. What is the tens digit of l?
5
Suppose -5*s + 3*x + 804 = 2785, -3*s + x = 1187. Let q = 288 - s. What is the units digit of q?
3
Suppose 0 = 48*s - 51*s + f + 12, -4*f = s - 17. Suppose 2*y - r = 55, -s*y = 2*r - 5*r - 139. What is the units digit of y?
6
What is the hundreds digit of 17937/2*(-650)/(-325)?
9
What is the tens digit of (-204)/(-32) + -6 + (-318573)/(-72)?
2
Suppose 7*y = 2*y + 10. Suppose -y*i + 755 = q - i, 2*q - 5*i - 1517 = 0. What is the hundreds digit of q?
7
Suppose 0 = 3*d + f - 37182 + 7325, 4*f = -8. Let i = d + -15167. What is the units digit of i/(-88) - 1/4?
9
Let o(l) be the third derivative of -2*l**7/315 - 11*l**6/360 + 2*l**5/5 - 27*l**2. Let c(j) be the third derivative of o(j). What is the tens digit of c(-6)?
7
Suppose -3*j = -2*w - w + 3, 0 = -5*w + 5. Suppose j = -2*a + 6*a - 0*a. Suppose -y + a*y = 4*m - 241, 3*y = -2*m + 773. What is the units digit of y?
1
Suppose 2*x + d = 271 + 102, 0 = -x + 2*d + 189. Suppose -283 = 5*q - 3*b, 220 = -4*q - 14*b + 18*b. Let z = q + x. What is the tens digit of z?
2
Let s(j) = 52*j - 59*j + 41*j - 180. What is the hundreds digit of s(22)?
5
Suppose 3652 = -16*w + 20*w - 3388. What is the tens digit of w?
6
Let q be 4/5 - (-6693)/115. Let t = q + 8. Suppose -5*u = -4*n - n + 95, -3*n + u = -t. What is the units digit of n?
4
What is the thousands digit of (11 - -29935) + 22 + -2?
9
Suppose 16 = 2*v + 4*z, 20*z - 22*z = -3*v. Suppose 5*h - v*h = 1188. What is the units digit of h?
6
Let c(x) = -30*x**2 + 76*x - 7. Let f be c(-5). Let p = -142 - f. What is the hundreds digit of p?
9
Let w = 17 + -179. Let u = w + 288. What is the hundreds digit of u?
1
Suppose 0 = 5*p - 2269 - 1426. Suppose p + 2471 = 5*h. Suppose -2*o = 4*f - 244, h = 6*o - o + 2*f. What is the tens digit of o?
3
Let j(w) be the second derivative of -w**5/20 - 7*w**4/4 - 31*w**3/6 - 24*w**2 - 3*w. Let z be (-1)/(5/104) - 640/(-800). What is the tens digit of j(z)?
7
What is the thousands digit of 14 + (15 + -5 - -4595)?
4
Suppose 2361120 = 22*r + 61*r - 23*r. What is the thousands digit of r?
9
Let o = 214 - 229. What is the hundreds digit of (-12)/o*2295/6?
3
Suppose -3*a - 4*k + 139179 = 0, 164337 + 21142 = 4*a - 5*k. What is the hundreds digit of a?
3
Let f(a) = 48*a - 15. Let m be f(-11). Let u = -167 - m. What is the tens digit of u?
7
Let v(t) = 38*t**3 + 2*t**2 - 12*t + 14. Let p be v(4). Let j = -1391 + p. What is the units digit of j?
9
Let k = 51140 - 11230. What is the tens digit of k?
1
Let z(d) = 2312*d + 1411. What is the ten thousands digit of z(7)?
1
Suppose 3*c = 4*g + 15, -c + g + 4*g + 5 = 0. Suppose -2*o + 186 = -3*w + c*w, 1 = -o. What is the units digit of w?
4
Suppose 0 = 3*p - 9, -4*w - 31*p = -28*p - 53405. What is the thousands digit of w?
3
Let q be (-26)/(-3) + 7/(-21)*-1. Suppose -3*z + 2369 = q*u - 8*u, 4*z + 2*u = 3162. What is the tens digit of z?
8
What is the thousands digit of ((-1)/(-2))/(13/(-156))*67122/(-44)?
9
Let c be (42/(-63))/(2/(-4308)). Let a = -1015 + c. What is the units digit of a?
1
Let z be 1/((-2692)/(-6720) - (-4)/(-10)). Let c = 231 - 81. What is the units digit of z/c - 1/5?
1
Suppose 4*i - 84352 + 20357 = -5*b, i + 5*b = 16010. What is the hundreds digit of i?
9
Let l(p) = -5 + 0*p + p + 3*p**2 + 6*p**3 - 1. Suppose 8*d = -w + 10*d + 10, 10 = 3*w - d. What is the units digit of l(w)?
6
Suppose 10*q + 2678 = -5282. Let b = -428 - q. What is the units digit of b?
8
Let t(l) = l**3 - 4*l**2 + 22*l + 14600. What is the thousands digit of t(0)?
4
Let u(a) be the first derivative of -a**3 + 9*a**2 + 22*a + 107. What is the units digit of u(7)?
1
Let d = 56611 - 2791. What is the tens digit of d?
2
Let d(w) = -6891*w + 1787. What is the ten thousands digit of d(-2)?
1
Let n be 0 + 8/(-12)*-27*1. Let i be (20/3)/(2 - 42/n). Let c = 77 - i. What is the tens digit of c?
9
Suppose -18*x + 2791 = -3491. Suppose -3*j + 5*q + x = 0, 0*j + 4*j - q = 437. What is the tens digit of j?
0
Let w = 27578 + -14833. What is the thousands digit of w?
2
Suppose 66*s = -23*s + 2274573. What is the thousands digit of s?
5
Suppose 5*a - 4785 = -5*i, -3*a = 36 - 24. Let g = i - 63. What is the tens digit of g?
9
Suppose -174*t + 169*t + 17843 = z, 2*t + 53614 = 3*z. What is the hundreds digit of z?
8
Let s(p) = 117 - 6*p - 28*p - 24*p + 11 - p. What is the thousands digit of s(-23)?
1
What is the thousands digit of (512 + -529)*(-972 - -1)?
6
Let o(s) = 35*s - 71*s + s**2 + 22*s. Let v be o(14). Suppose -4*z - 4*g = v, -4*g = -3*z - 3*g + 4. What is the units digit of z?
1
Let x(w) = 1256*w - 2451. What is the thousands digit of x(41)?
9
Let l = 225 - 220. Suppose -2*v + j = -j - 902, 4*v + l*j - 1795 = 0. What is the tens digit of v?
5
Suppose -107*h = -105*h - 1652. Suppose -2*d = -3*d + h. What is the hundreds digit of d?
8
Let l = 6052 + 780. What is the units digit of l?
2
Let c = -14501 + 6220. Let x be c/(-9) + (-5)/45. Suppose -x = r - 6*r. What is the tens digit of r?
8
Let d(q) = 11 + 11 + 2 + 17*q - 19. Let l be d(3). Suppose 0*h + 171 = 3*y - 5*h, 2*h = y - l. What is the tens digit of y?
6
Suppose 0 = j - 5*b - 0*b - 875, 3*j = b + 2667. Suppose -5*q + 785 + j = 0. Suppose -18*c = -13*c - q. What is the units digit of c?
7
Suppose 0 = -5*b + 5551 - 1656. Let i = b + -294. What is the units digit of i?
5
Let x(o) = 51*o**3 - 2*o**2 - 50*o**3 + 5*o + 0*o**2 - 6. Let y be x(2). Suppose -y*v = -3*m - 265, -4*m - 6 + 96 = v. What is the units digit of v?
0
Let m = 20751 + -13231. What is the units digit of m?
0
Suppose -t - 5 = -7. Suppose t*k = -0*k, -2*k + 148 = c. What is the tens digit of c?
4
Let g(s) = -2*s**3 - 8*s**2 + 8*s + 8. Let o = -113 - -107. What is the tens digit of g(